e remainder when 132 is divided by 23?
17
Calculate the remainder when 8237 is divided by 4.
1
Calculate the remainder when 222 is divided by 58.
48
Calculate the remainder when 2575 is divided by 19.
10
What is the remainder when 1095 is divided by 30?
15
What is the remainder when 479 is divided by 110?
39
What is the remainder when 177 is divided by 102?
75
Calculate the remainder when 36 is divided by 16.
4
Calculate the remainder when 12288 is divided by 17.
14
Calculate the remainder when 34 is divided by 5.
4
What is the remainder when 114 is divided by 27?
6
What is the remainder when 39775 is divided by 16?
15
Calculate the remainder when 263 is divided by 37.
4
What is the remainder when 697 is divided by 17?
0
What is the remainder when 589 is divided by 114?
19
What is the remainder when 815 is divided by 198?
23
Calculate the remainder when 852 is divided by 34.
2
What is the remainder when 580 is divided by 53?
50
What is the remainder when 113 is divided by 6?
5
Calculate the remainder when 585 is divided by 115.
10
Calculate the remainder when 1889 is divided by 45.
44
Calculate the remainder when 209 is divided by 42.
41
What is the remainder when 731 is divided by 21?
17
Calculate the remainder when 4030 is divided by 21.
19
What is the remainder when 400 is divided by 13?
10
What is the remainder when 2785 is divided by 120?
25
Calculate the remainder when 28 is divided by 28.
0
What is the remainder when 4267 is divided by 285?
277
Calculate the remainder when 340 is divided by 12.
4
Calculate the remainder when 744 is divided by 15.
9
What is the remainder when 294 is divided by 43?
36
Calculate the remainder when 4503 is divided by 376.
367
Calculate the remainder when 1439 is divided by 20.
19
Calculate the remainder when 9155 is divided by 43.
39
Calculate the remainder when 3071 is divided by 41.
37
What is the remainder when 1602 is divided by 400?
2
What is the remainder when 48 is divided by 10?
8
Calculate the remainder when 239 is divided by 67.
38
Calculate the remainder when 366 is divided by 145.
76
Calculate the remainder when 308 is divided by 303.
5
Calculate the remainder when 776 is divided by 131.
121
Calculate the remainder when 23 is divided by 5.
3
Calculate the remainder when 1440 is divided by 69.
60
Calculate the remainder when 752 is divided by 86.
64
Calculate the remainder when 106 is divided by 25.
6
Calculate the remainder when 2643 is divided by 98.
95
Calculate the remainder when 636 is divided by 338.
298
What is the remainder when 83 is divided by 17?
15
What is the remainder when 22 is divided by 14?
8
What is the remainder when 108 is divided by 22?
20
Calculate the remainder when 5066 is divided by 13.
9
Calculate the remainder when 1206 is divided by 140.
86
What is the remainder when 16 is divided by 10?
6
What is the remainder when 74 is divided by 28?
18
What is the remainder when 9634 is divided by 122?
118
What is the remainder when 4478 is divided by 17?
7
Calculate the remainder when 1672 is divided by 25.
22
Calculate the remainder when 173 is divided by 38.
21
What is the remainder when 358 is divided by 12?
10
Calculate the remainder when 475 is divided by 78.
7
What is the remainder when 446 is divided by 115?
101
Calculate the remainder when 285 is divided by 59.
49
What is the remainder when 156 is divided by 40?
36
What is the remainder when 378 is divided by 20?
18
What is the remainder when 1641 is divided by 127?
117
Calculate the remainder when 1244 is divided by 39.
35
What is the remainder when 316 is divided by 18?
10
Calculate the remainder when 609 is divided by 12.
9
What is the remainder when 1169 is divided by 1162?
7
What is the remainder when 278 is divided by 87?
17
What is the remainder when 48 is divided by 6?
0
Calculate the remainder when 1388 is divided by 1376.
12
Calculate the remainder when 22 is divided by 18.
4
What is the remainder when 2127 is divided by 10?
7
What is the remainder when 670 is divided by 61?
60
What is the remainder when 21356 is divided by 118?
116
What is the remainder when 2096 is divided by 21?
17
What is the remainder when 1327 is divided by 267?
259
Calculate the remainder when 109 is divided by 17.
7
What is the remainder when 889 is divided by 9?
7
Calculate the remainder when 1852 is divided by 610.
22
Calculate the remainder when 6393 is divided by 15.
3
What is the remainder when 827 is divided by 19?
10
Calculate the remainder when 4757 is divided by 35.
32
What is the remainder when 91 is divided by 39?
13
Calculate the remainder when 268 is divided by 45.
43
What is the remainder when 1098 is divided by 92?
86
Calculate the remainder when 66 is divided by 17.
15
What is the remainder when 12206 is divided by 7?
5
Calculate the remainder when 694 is divided by 147.
106
Calculate the remainder when 2377 is divided by 119.
116
What is the remainder when 1707 is divided by 10?
7
What is the remainder when 4899 is divided by 140?
139
Calculate the remainder when 14678 is divided by 40.
38
Calculate the remainder when 625 is divided by 50.
25
Calculate the remainder when 253 is divided by 65.
58
What is the remainder when 836 is divided by 43?
19
What is the remainder when 85 is divided by 24?
13
Calculate the remainder when 224 is divided by 210.
14
What is the remainder when 353 is divided by 45?
38
What is the remainder when 987 is divided by 43?
41
What is the remainder when 135 is divided by 20?
15
What is the remainder when 241 is divided by 61?
58
What is the remainder when 7070 is divided by 221?
219
What is the remainder when 52 is divided by 18?
16
Calculate the remainder when 221 is divided by 11.
1
Calculate the remainder when 615 is divided by 56.
55
What is the remainder when 4187 is divided by 33?
29
What is the remainder when 628 is divided by 87?
19
Calculate the remainder when 238 is divided by 62.
52
Calculate the remainder when 106 is divided by 14.
8
What is the remainder when 129 is divided by 23?
14
Calculate the remainder when 150 is divided by 47.
9
What is the remainder when 245 is divided by 71?
32
Calculate the remainder when 21607 is divided by 148.
147
What is the remainder when 658 is divided by 9?
1
What is the remainder when 273 is divided by 12?
9
What is the remainder when 281 is divided by 19?
15
What is the remainder when 47 is divided by 3?
2
Calculate the remainder when 1292 is divided by 303.
80
What is the remainder when 40 is divided by 25?
15
Calculate the remainder when 545 is divided by 25.
20
What is the remainder when 81 is divided by 6?
3
What is the remainder when 5774 is divided by 53?
50
What is the remainder when 138 is divided by 21?
12
What is the remainder when 118 is divided by 17?
16
What is the remainder when 4273 is divided by 22?
5
What is the remainder when 258 is divided by 46?
28
What is the remainder when 608 is divided by 39?
23
Calculate the remainder when 13 is divided by 10.
3
Calculate the remainder when 4631 is divided by 4623.
8
Calculate the remainder when 1309 is divided by 19.
17
Calculate the remainder when 239 is divided by 63.
50
What is the remainder when 37 is divided by 23?
14
What is the remainder when 6489 is divided by 12?
9
What is the remainder when 48 is divided by 22?
4
What is the remainder when 34 is divided by 21?
13
What is the remainder when 322 is divided by 33?
25
Calculate the remainder when 463 is divided by 44.
23
Calculate the remainder when 91117 is divided by 340.
337
What is the remainder when 1065 is divided by 150?
15
What is the remainder when 274 is divided by 7?
1
Calculate the remainder when 587 is divided by 33.
26
Calculate the remainder when 29733 is divided by 84.
81
What is the remainder when 4071 is divided by 151?
145
Calculate the remainder when 94 is divided by 45.
4
What is the remainder when 779 is divided by 11?
9
What is the remainder when 197 is divided by 35?
22
What is the remainder when 119 is divided by 66?
53
Calculate the remainder when 668 is divided by 323.
22
What is the remainder when 4686 is divided by 134?
130
Calculate the remainder when 36 is divided by 12.
0
Calculate the remainder when 146 is divided by 38.
32
Calculate the remainder when 241 is divided by 41.
36
Calculate the remai